137736 = -0*k. Let g be (2/(-6))/1 + k/(-36). Suppose -4*y - 11*y = -g. List the prime factors of y.
5, 17
Suppose 8 = -2*p + 2. Let o be 32/6 - p/(-9). Suppose -d + 4*d = 0, o*g - 400 = d. List the prime factors of g.
2, 5
Suppose 2*n + 18 = 3*z, z - 3*n = -0*z + 6. Suppose 0 = -4*i - 3*t + 27 + 4, -2*i - 4*t + 8 = 0. Suppose 104 + i = z*v. List the prime factors of v.
19
Let k = -33 + 32. Let b(m) = 2*m**2 + 1. Let l be b(k). Suppose -2*v = -0*x - 3*x - 110, 0 = -l*v - 5*x + 184. What are the prime factors of v?
2, 29
Suppose s + 246390 = -8*s + 19*s. What are the prime factors of s?
3, 43, 191
Let j(p) be the second derivative of p**4/3 + 4*p**3/3 + 7*p**2/2 - 39*p. Let n be j(-6). What are the prime factors of (-1 + n)/(-3 - -4)?
2, 3, 17
Suppose 0 = -3*b, w - 2*b - 18 = b. List the prime factors of 4/w - (-28468)/198.
2, 3
Suppose 39 = -3*p + 6*p. Let y = 4 + p. Suppose -1600 = 9*x - y*x. What are the prime factors of x?
2, 5
What are the prime factors of (-13)/(130/(-40540)) + 1?
5, 811
Let w be 3/12*(18 + -18). Suppose w = 2*p - 4*q - 164, -4*p = q + 2*q - 350. What are the prime factors of p?
2, 43
Let l(a) = 17*a**2 + 6*a - 163. What are the prime factors of l(-15)?
2, 19, 47
Suppose f + 5*d - 293 = 34, 5*f + 3*d = 1569. Let k = -73 + f. List the prime factors of k.
239
Let u = 1592 + -866. Suppose 2*v - u - 412 = 0. List the prime factors of v.
569
Let z be 9/((-1)/(-15)*3). Suppose 0 = 4*k, -5*d - z = -0*k - k. List the prime factors of 2/4*(1 - d).
5
Let t = 33252 - 7604. List the prime factors of t.
2, 7, 229
Let k(a) = 15*a**2 + 4*a + 24. Let z be k(6). Suppose 2*g - z - 976 = 0. List the prime factors of g.
2, 17, 23
What are the prime factors of 216*(49 + 1 + 2)?
2, 3, 13
List the prime factors of (-76)/(-114) + (-16424)/(-6).
2, 37
Let m(w) = -3*w**3 - w**2 - 3*w - 9. Let u be m(-6). Suppose v - u - 599 = 0. List the prime factors of v.
2, 5, 61
Suppose -5*j = -4*t - 48211, -2*t = j - 6656 - 3003. List the prime factors of j.
11, 877
Let l = 4680 + -2181. What are the prime factors of l?
3, 7, 17
Suppose -30*t + 27*t = 9. Let a be (-6 - -2)*(t - (-18)/8). Suppose f + 0 = 5, -a*k + 152 = f. List the prime factors of k.
7
Let z(u) = 2072*u - 5481. What are the prime factors of z(23)?
5, 7, 241
Let h(r) = 8*r**2 + 50*r + 9. Let y(s) = s**2 - 1. Let x(f) = h(f) - 2*y(f). List the prime factors of x(-15).
13, 47
Let v(x) = -67*x**2 - 6*x**2 + 801*x**2 + 6 + 5*x. What are the prime factors of v(-1)?
3
Let m(i) = -i**3 + 66. Suppose 6 = -5*j - 2*n, 7*j - 3*j - 9 = 3*n. What are the prime factors of m(j)?
2, 3, 11
Let o be (-54)/(-8) + ((-54)/(-8))/(-9). Let m be (38/(-4))/((-3)/o). Suppose 180 = m*q - 17*q. What are the prime factors of q?
2, 3, 5
Let q = 7834 - 761. List the prime factors of q.
11, 643
Let z = -74 + 48. Let q be z/(3*2/(-57)). Suppose 6*p - 71 = q. List the prime factors of p.
53
Suppose 2 = 6*w - 16. Suppose -2*c = -w*q - 1212, -5*c + 3055 = 2*q + 3*q. What are the prime factors of c?
3, 7, 29
Let w = 76063 - 50362. What are the prime factors of w?
3, 13, 659
What are the prime factors of (-2)/(-20)*(45 - 37) - 275821/(-5)?
5, 11, 17, 59
Suppose 24*p - 16*p = 0. Suppose p = 15*z - 25*z + 2930. What are the prime factors of z?
293
Let z(p) = -p**3 + p**2 - p + 1. Let w(c) = -10*c**3 - 6*c**2 + 2*c + 1. Let u = 44 - 41. Let m(o) = u*z(o) + w(o). What are the prime factors of m(-2)?
2, 7
Suppose -12 - 142 = -14*x. Suppose 0 = -x*b + 17*b - 12. Suppose -m + t + 176 = 0, 5*t - 61 = -b*m + 305. What are the prime factors of m?
2, 89
Let q = -24418 - -27613. What are the prime factors of q?
3, 5, 71
Let u = -10539 + 21385. List the prime factors of u.
2, 11, 17, 29
Let w(f) = f + 4. Let d be w(-2). Suppose 3*n - 2488 = 5*t + 1758, 2*t + 2836 = 2*n. Suppose -d*c + n = 7*c. What are the prime factors of c?
2, 79
Let f(d) = -4*d - 1 - 3*d**3 - d**2 - d + 6*d. Let m be f(1). What are the prime factors of (-1)/1 - -87 - m?
2, 3, 5
Let n = -4280 - -4291. Suppose 0 = 4*z + 3*k + 5, -2*k + 2 = 5*z - k. Suppose 3*g = 2*g + z, -2*u + g + n = 0. List the prime factors of u.
2, 3
List the prime factors of -50 - -58 - (-5 + -27013).
2, 13513
Suppose 1241 = -13*v - 4*v. Let n(s) = -2*s**3 - 8*s**2 - 6*s - 8. Let i be n(-6). Let w = v + i. List the prime factors of w.
3, 11
Let g(p) be the first derivative of 7*p**2 - 85*p - 17. What are the prime factors of g(13)?
97
Let g(q) be the first derivative of q**5/30 + 3*q**4/4 + 5*q**3/3 - 7*q**2/2 + 6. Let p(h) be the second derivative of g(h). List the prime factors of p(-12).
2, 41
Let b(l) = l**3 - 21*l**2 + 2*l + 3. Let z be b(21). Let h = 29 + -18. Suppose -h*p + 6*p + z = 0. List the prime factors of p.
3
Let m = -3752 + 2394. Let t = m + 2834. List the prime factors of t.
2, 3, 41
Let j(y) = 3*y**3 - 9*y**2 + 10*y - 3. Let o be j(-7). What are the prime factors of (-8 + o)*-1 - 6?
3, 5, 103
Let y(x) = 38*x + 78. Let f be 4/(9 - 6 - 23/8). What are the prime factors of y(f)?
2, 647
Let c = 7027 + 7604. What are the prime factors of c?
3, 4877
Let q(f) = 11*f + 13. Let z(a) = -21*a - 27. Let m be ((-2)/5)/((-3)/(-30)). Let j(u) = m*z(u) - 9*q(u). What are the prime factors of j(-3)?
2, 3
Let n = 26 + -53. Suppose 2*c + 6*b = 3*b + 125, -2*c - b = -119. Let a = n + c. What are the prime factors of a?
31
Let k be 2/(5202/5193 + -1). Suppose -4*h + 17 + 3 = 0. Suppose 0 = 4*o - 4*z - 924, -k = -h*o + 6*z - 2*z. List the prime factors of o.
2, 5, 23
Suppose b + q - 9416 = 0, -3*b + 5*q - 28236 = -6*b. What are the prime factors of b?
2, 7, 673
Let n(b) = b**2 - 9*b - 7. Let t be n(10). Suppose -2*k = -5*y - 671, -5*y = 3*k - t*y - 959. List the prime factors of k.
17, 19
Suppose 23*q = 5*q - 3384. Let s = -85 - q. List the prime factors of s.
103
Let l = -15286 - -24989. What are the prime factors of l?
31, 313
Let q(p) be the third derivative of p**6/120 - 3*p**5/10 + p**4/12 - 14*p**3/3 - p**2. Let j be -185 - -196 - (-2 - (1 - -4)). List the prime factors of q(j).
2
Let v be 160/15*(45/10)/3. Suppose -2*n = -1976 - 2824. Suppose n = -4*f + v*f. List the prime factors of f.
2, 5
Let l(t) be the second derivative of -t**5/10 - 17*t**4/12 + 11*t**3/2 + 27*t**2 + 58*t. What are the prime factors of l(-13)?
2, 3, 191
Suppose -80 + 10 = -10*v. Suppose 0 = -v*m - 34 + 1070. List the prime factors of m.
2, 37
Suppose -44*q - 620235 = -89*q. List the prime factors of q.
7, 11, 179
Suppose 5*y = -g + 49, g + 0*y = -4*y + 44. Let m(v) = -v**2 + 29*v - 57. List the prime factors of m(g).
3, 7
Let k(c) be the second derivative of -c**5/20 + 2*c**4/3 - 5*c**3/6 - 10*c**2 + 2*c. Let v be k(8). Let g = v - -250. What are the prime factors of g?
2, 5, 19
Suppose 99*a + 7024 = 91*a. Let f = a - -1546. What are the prime factors of f?
2, 167
Let g be (-47)/(-9) - 16/72. Suppose -g*h = -q + 198, 2*h + 2 + 0 = 0. What are the prime factors of q/5 - 2 - (-12)/(-20)?
2, 3
Let l = 94 - 76. Suppose -4*x + 2 = -l. What are the prime factors of -3*(-26 + -2 + x)?
3, 23
Let t(v) = 53*v - 195. Let z(r) = 106*r - 397. Let o(h) = -13*t(h) + 6*z(h). List the prime factors of o(-7).
2, 131
Let j = -311 - -292. Let p = j - -676. What are the prime factors of p?
3, 73
Suppose -5*o = 4*y - 3319, -3*o = 2*o + 25. Suppose 2*s = 13*s - y. List the prime factors of s.
2, 19
Let m(y) = -3*y + 484 + y**2 + 0*y**2 - 486 - 11*y. List the prime factors of m(-12).
2, 5, 31
Let u(y) = -y**3 + 8*y**2 + 4*y + 3969. List the prime factors of u(0).
3, 7
Let i = -7 - -5. Let w = -1832 - -2776. List the prime factors of ((-13)/26)/(i/w).
2, 59
Let c(o) = 27*o**2 - 33*o - 224. What are the prime factors of c(15)?
2, 13, 103
Let o = 2031 + -1829. List the prime factors of o.
2, 101
Let k(w) = -w - 14. Let p be k(-16). Suppose -p*f + 0*f = -10, -2*r + 2*f - 6 = 0. Suppose 4*x = r*x + 124. List the prime factors of x.
2, 31
Let f = -27 + 35. Let n be f*(0 - -1)*(-2)/(-4). Suppose n*x + 5*t + 0*t = 535, 4*x = -2*t + 550. What are the prime factors of x?
2, 5, 7
Suppose 5*f + 3*d = -44, -f - 22 = 5*d - 0. Let g(w) = 5*w**2 + 4*w + 6. List the prime factors of g(f).
223
List the prime factors of ((-22)/7)/(12/(-42)) - -35970.
11, 3271
Let l = 238 - 241. Let t(x) = 88*x**2 + 16*x - 2. List the prime factors of t(l).
2, 7, 53
Suppose -8*j = 4